-2*c = 2*b - 5*c - t. What is the tens digit of b?
3
Let s = 4 - 4. Suppose -12 - 13 = -5*f, 3*o - 4*f - 601 = s. Suppose o = 4*h - 49. What is the units digit of h?
4
Suppose f = 5*t - 2757, t - f = -3*f + 547. What is the units digit of t?
1
Let l(z) = z**2. Let y(q) = -8*q + 1. Let c(v) = -l(v) - y(v). Let m be c(8). What is the units digit of 6 + (m - -1) + 0?
6
What is the hundreds digit of (6 + (-31128)/(-16))*(-4)/(-6)?
3
Suppose g = -2 - 1. Suppose 13 = w + 3*y - 4, 3*w + 4 = 2*y. What is the units digit of 0 + g - (-146)/w?
0
Suppose 34*q - 27456 = -14*q. What is the hundreds digit of q?
5
Let i(s) = -12*s - 63. What is the tens digit of i(-9)?
4
Suppose -28 = 4*p + 12. Let j(k) = -6*k + 4. What is the tens digit of j(p)?
6
Let v = 7 + -4. Suppose -j - 16 = -6*j - v*b, 4*j - 2*b = 4. Suppose 2*d + j*d = -5*t + 124, 4*t + 36 = 2*d. What is the units digit of d?
6
Let r(b) = b**2 - 4*b + 4. Let d be r(5). Let z(h) = -3*h + 8. Let j be z(d). Let q = j + 23. What is the units digit of q?
4
Let g(a) be the second derivative of a**6/180 + a**5/60 - a**4/3 + 5*a. Let m(v) be the third derivative of g(v). What is the tens digit of m(4)?
1
Suppose 3*v = -b + 144, -3*b - b = 3*v - 594. Let m = -37 + b. What is the hundreds digit of m?
1
Let p be 4/(-30)*9*-80. Let n = p - 34. What is the tens digit of n?
6
Let d = 23 + -7. Let n(h) = 3*h - 8. What is the tens digit of n(d)?
4
Suppose 0 = -2*t - 5*n + 16, 5*t - 4*n = 2*t + 1. Suppose -8*w + 213 + 267 = 0. Suppose -t*k = -7*k + w. What is the units digit of k?
5
Suppose -2*j = -j. Suppose j = -2*o + 3*q + 26, -8 = -0*q + 2*q. What is the units digit of o?
7
Let l(n) = 15 + 82*n - 11 - 1 + 128*n. What is the units digit of l(1)?
3
Suppose -12*d + 2530 = -7*d. Suppose 0 = -6*k - 5*k + d. What is the tens digit of k?
4
Suppose 0 = -5*k - 0*a - 5*a + 3560, 2*a - 6 = 0. What is the hundreds digit of k?
7
Suppose 3*o + 121 - 526 = 0. Suppose 7*k - 19 = o. What is the units digit of k?
2
Suppose 21*v = 45*v - 40752. What is the thousands digit of v?
1
Suppose 6*b - 2*b + 108 = 0. What is the units digit of (-2)/(-3)*(-2 - 1)*b?
4
Let g(r) = 3*r + 30. Let m be g(-10). Suppose m = 3*s - 10 - 32. What is the units digit of s?
4
Let q = 1 - -4. Suppose -3*i + 4*n = 14, n + 12 = -4*i + q*n. Suppose 3*y - 162 = -5*z, -2*z - i*y + 23 = -41. What is the tens digit of z?
3
Let y(c) = 2*c**3 - c**2 - 2*c + 2. Suppose 0 = -b + 4*v + 19, 0*b - b - v = 1. What is the tens digit of y(b)?
4
Suppose -4*m + 1654 = 2*p, -2*p - 786 = -2*m + 38. Suppose -4*v - 188 = -2*f, 4*f = v - 16 + m. What is the tens digit of f?
0
Let o = -1209 - -2853. What is the units digit of o?
4
What is the hundreds digit of 3 + (-4 - (-6 - 2)) - -2222?
2
Suppose -32*z + 37*z = 475. Let t = z + 51. What is the tens digit of t?
4
Suppose 62*s - 61*s - 3*t - 932 = 0, 0 = 4*t - 20. What is the hundreds digit of s?
9
Let d = -231 - -421. Suppose -2*a + 0*a - 211 = -m, m + 5*a = d. What is the tens digit of m?
0
Suppose -5*l + 2*l = 3*v - 4521, -2*l = -4*v + 6058. What is the thousands digit of v?
1
Suppose -46*f + 8823 - 1279 = 0. What is the hundreds digit of f?
1
Suppose 34*h - 9720 = 650. What is the hundreds digit of h?
3
Let y = -79 - -136. Suppose 2*f - 2*m = 270, 3*m - y - 511 = -4*f. What is the hundreds digit of f?
1
Suppose 3*o = -5*f - 16 + 42, 0 = 4*o + 12. Let r(u) = -u**2 + 8*u - 2. Let l be r(f). Let z(x) = -x**2 + 9*x + 2. What is the units digit of z(l)?
2
Let w(b) = -30*b + 19. What is the units digit of w(-4)?
9
Suppose z = -3*t + 1348, -3*z = 3*t - 1220 - 130. What is the hundreds digit of t?
4
What is the units digit of 5/(-2) + (-1605)/(-10)?
8
Let g(x) = 2*x + 1. Let i be g(1). Suppose -i + 4 = a - s, -3*s + 1 = -2*a. Suppose -57 - 203 = -a*f. What is the tens digit of f?
6
Let t(s) = -s + 6. Let k be t(5). What is the tens digit of k*-2*(-213)/18*3?
7
Let g = 18 - 36. Let q = 16 + g. What is the units digit of 24/11 + q/11?
2
Suppose -4*s + 2530 = s + 4*d, 1000 = 2*s + 4*d. What is the hundreds digit of s?
5
Suppose 288 = k + 4*q, -3*q = -2*k + 583 + 26. What is the hundreds digit of k?
3
Let x = -136 + 275. Let k = x + 10. What is the units digit of k?
9
Let q be (-3 - 1)/(12 - 11). Let c be 4 - q*(-1)/2. Suppose -c*p - 64 = -6*p. What is the tens digit of p?
1
Suppose -h + 172 = -0*h + p, h - p - 182 = 0. Let k = h - 118. What is the units digit of k?
9
Let o = 1180 - -574. What is the thousands digit of o?
1
Let z(u) = 90*u - 135. What is the units digit of z(17)?
5
What is the tens digit of ((-212)/(-2) - 0)*(-72)/(-12)?
3
Let q(a) = a**3 + a**2. Let x be q(-1). Suppose 4*t - 156 + 56 = x. What is the units digit of t?
5
Let g = 9264 + -6443. What is the tens digit of g?
2
Suppose 0 = -0*l - l. Let m(q) = -q + 122. What is the tens digit of m(l)?
2
Let x(f) = f**3 - 6*f**2 + 9. Let l = 23 + -16. What is the units digit of x(l)?
8
Suppose 6*k + 4 = b + k, 2*b - 8 = k. Suppose -w = b*o - 4*w - 9, -o = w - 4. Suppose -9 = -o*s, 150 = 3*c + 3*s - 8*s. What is the units digit of c?
5
Let z = 1093 - 490. What is the tens digit of z?
0
Let y(f) = 14*f**2 - 25*f + 223. What is the thousands digit of y(10)?
1
Let d(t) = 113*t**2 - 5*t + 29. What is the tens digit of d(6)?
6
Let j be 191 + -2 + 2 + 4/4. Let k = j - 110. What is the tens digit of k?
8
Let k = -1380 - -3333. What is the thousands digit of k?
1
Let i = 4130 - 2408. What is the hundreds digit of i?
7
Suppose 12*k + 1728 = 18*k. What is the tens digit of k?
8
Suppose 0 = 265*l - 264*l - 879. What is the units digit of l?
9
Let l(q) = q**3 - 7*q**2 - q + 10. Let h be 165/25 - 4/(-10). Let y be l(h). Suppose -y = -2*x + 19. What is the units digit of x?
1
Let g(s) = s**2 - s + 1. Let k be g(2). Suppose 4*f - 2*r = -3*r + 241, -f - k*r + 52 = 0. What is the tens digit of f?
6
Let o(v) = -v - 12. Let w be o(-7). Let d = 28 - w. What is the units digit of d?
3
Let h(w) = 3*w**3 + 13*w**2 - 45*w + 170. What is the units digit of h(5)?
5
Suppose 125 = 4*c + q, -4*c + 2*c + 3*q + 73 = 0. Let f be 4 - 2 - 2 - -2. Suppose -f*u + 2 = -c. What is the tens digit of u?
1
Let s = 3 - -12. Suppose 0 = -13*h + s*h - 50. What is the units digit of h?
5
Suppose -5*d = -2*w + 2192, 0 = 22*w - 23*w - 2*d + 1078. What is the units digit of w?
6
Let i be 12/16*4 - 1. Suppose 3 = -q - 3*t, i*q - 27 = -2*q + t. Suppose 4*g = -q*c + 3*c - 4, -12 = 3*c. What is the units digit of g?
2
Let s = -119 - -124. Suppose 0 = s*g - 164 - 236. What is the units digit of g?
0
Let h(q) = -q**3 + 2*q**2 + 6*q - 5. Let p be h(3). Suppose -k + 5*j = k - 253, -j = p*k - 495. What is the units digit of k?
4
Let o be (1*-2)/(24/(-132)). Let h = o - -2. Suppose -92 = -5*d + h. What is the units digit of d?
1
Let z be (-10)/(1*-2)*2. Suppose -155 - 315 = -5*k. Suppose -4*w + k = z. What is the units digit of w?
1
Let f be (1/1)/(1/141). Let z = f - 62. What is the units digit of z?
9
Let a = -263 + -44. Let t = 522 + a. What is the tens digit of t?
1
Let c be 3/(3/8) - -1. Let q be (-81)/(-15) + -1 - (-46)/(-115). Suppose 5*l = q*v + 76, -2*v = -l + 5 + c. What is the units digit of l?
6
Suppose 0 = -g + 10 - 39. Let j = g - -128. What is the units digit of j?
9
Let j = 176 + -176. Let s(i) = 9*i**3 + 5*i**2 + 2*i - 101. Let t(x) = -4*x**3 - 2*x**2 - x + 50. Let d(g) = 3*s(g) + 7*t(g). What is the units digit of d(j)?
7
Suppose 4*m = -8 + 4, 2*p = -5*m + 1683. What is the units digit of p?
4
What is the thousands digit of (-33)/(-55) + 194894/35?
5
Let b = -658 + 925. What is the tens digit of (-28)/(-21)*b/4?
8
Let v(y) = 7*y**3 + 9*y**2 - 4*y + 4. Let m(o) = -8*o**3 - 10*o**2 + 4*o - 5. Let j(k) = 4*m(k) + 5*v(k). What is the units digit of j(1)?
4
Let x(c) = -3*c**2 - 11*c + 11. Let s(j) = -j + 1. Let l(m) = 5*s(m) - x(m). Let i be l(3). Suppose -p + i + 9 = 0. What is the units digit of p?
8
Suppose -2*r + 1006 = 3*y, 3*y = 2*r + y - 996. What is the hundreds digit of r?
5
Let r = 1595 - -771. What is the tens digit of r?
6
Let v = 32 + -20. Let a = -9 + v. Let r(s) = 5*s - 2. What is the tens digit of r(a)?
1
Let b(s) = -2*s - 1. Let g be b(0). Let z(u) = -u - 2. Let y(q) = q. Let o(i) = g*z(i) + 2*y(i). What is the tens digit of o(4)?
1
Let k = 859 - 339. What is the hundreds digit of k?
5
Suppose -4*a -